k(p).
-8
Suppose -3*a + 30 - 48 = 0. Let m(c) = -c**3 - 7*c**2 - 3*c + 8. Give m(a).
-10
Suppose -t = 4*t + y - 1314, -4*t + 1054 = -2*y. Let f(v) = 0 - 264*v**2 + t*v**2 + 1 + 6*v. Let m(n) = -n**2 - 5*n + 6. Let o be m(-5). What is f(o)?
1
Let g(w) = -9*w + 2. Let m be g(-1). Suppose 2*r + 0*r - h = -m, 4*h - 8 = -4*r. Let t(c) = -c**2 - 6*c - 3. What is t(r)?
6
Let x(z) = -4*z**3 + 6*z**2 + 3*z. Let t(u) = -3*u**3 + 5*u**2 + 3*u - 1. Let n(l) = -3*t(l) + 2*x(l). Suppose -3*w = 2*w + 35. Let g = w - -10. Determine n(g).
-6
Let p(v) be the third derivative of -v**6/120 + v**5/10 - 5*v**4/24 - 7*v**3/6 + 46*v**2. Calculate p(5).
-7
Let a(c) = -c**3 - 7*c**2 + 9*c + 11. Suppose -7 = 2*d + 9. Give a(d).
3
Let f be ((-3)/(-1))/(-1 - 0). Suppose -2*v - 7 + 21 = -2*b, -5*b - 4*v = -1. Let u = b - f. Let l(k) = -k + 6. Calculate l(u).
6
Let x be (-30)/(-9) + (-2)/6. Let g(h) = -3 - 1 + 4*h + 2 - x*h**2 + 0. Let i = 5 - 3. What is g(i)?
-6
Let o(c) = -c**3 + 6*c**2 + 4. Let x = 15 + 0. Let p = 21 - x. Give o(p).
4
Let n(d) be the third derivative of -d**5/60 + d**4/8 + d**3 + 29*d**2. What is n(5)?
-4
Let k(c) = c**2 - 3*c + 1. Suppose -16 = -5*i + 4. Give k(i).
5
Let o(l) = 3*l - 1. Let x be o(1). Let v(b) = -b**3 + 3. Let w(h) = 3*h**3 - h - 7. Let r(k) = 5*v(k) + 2*w(k). Determine r(x).
5
Let u(m) = -m. Suppose 4*d + 6 = 2. Let l(t) = -9 + 7*t + 2 + 6. Let s(x) = d*l(x) - 6*u(x). Calculate s(3).
-2
Let y(r) = -7*r**2 - 33*r**3 + 34*r**3 + 13 + 8*r**2. Calculate y(0).
13
Let p(y) be the second derivative of -y**5/20 + 5*y**4/12 + y**3/2 + 3*y**2 + 26*y. Determine p(6).
-12
Let v(h) = h**2 + 3*h - 1. Suppose 4*a + 3*o = -13, o = -3*a + 6*o + 12. Let g be a + -1 + 2/(-1). Calculate v(g).
3
Let b(d) = 4*d**3 + 2*d - 1. Let a be (12/18)/(((-4)/(-6))/1). What is b(a)?
5
Suppose 9 = 2*d + 11. Let m(f) = 3*f. Calculate m(d).
-3
Let b(g) be the second derivative of -g**4/12 - 5*g**3/6 - 6*g. Give b(-5).
0
Let r(w) be the first derivative of -1/4*w**4 + 1/3*w**3 + 3/2*w**2 - 4 - 2*w. Determine r(2).
0
Let z(b) = 1. Let s(m) = 3 - 2*m + 0 + 3*m. Let i(q) = 2*s(q) - 9*z(q). Determine i(-4).
-11
Let p(c) be the second derivative of 0 - 3*c**2 - 1/6*c**3 + 2*c. Give p(-5).
-1
Let r(y) be the second derivative of -y**5/10 - y**4/12 - y**3/6 + y**2/2 + 17*y - 2. What is r(1)?
-3
Let b(y) = -3*y - 2 - 3 - 2. Let j = -45 - -31. Let g = 9 + j. Calculate b(g).
8
Let o(w) = 4*w**2 + w - 9. Let g(n) = n**2 - n - 1. Let u(v) = 5*g(v) - o(v). Let k(r) be the first derivative of -r**2 - 3*r - 2. Let b be k(-4). What is u(b)?
-1
Let v(y) = -y**2 - y - y**2 + 3*y**2. Determine v(2).
2
Suppose 5*g - 4*t - 55 = -23, 4*g - 5*t = 22. Let l = 10 - g. Let w(n) = n + n + 0*n. Determine w(l).
4
Let y(b) = -3*b**2 + 15*b. Let u(m) = 2*m**2 - 8*m. Suppose 20 = 6*h - 2*h. Let j(x) = h*u(x) + 3*y(x). Determine j(-6).
6
Let i(v) = 5*v**3 - 2*v**2 + 11*v. Let s(o) = -6*o**3 + 3*o**2 - 12*o. Let k(h) = 7*i(h) + 6*s(h). Give k(4).
20
Let a(y) be the third derivative of -y**7/2520 - y**6/360 + y**5/40 + y**4/6 - 4*y**2. Let k(f) be the second derivative of a(f). Give k(3).
-12
Let w(h) be the third derivative of -1/24*h**4 + h**2 + 0*h + 4/3*h**3 - 1/60*h**5 + 0. Suppose 2*t + 2*t + 2*y - 10 = 0, -4*t - 4*y + 20 = 0. Calculate w(t).
8
Suppose 108 = -3*f + 81. Let x(y) = 2*y + 9. Calculate x(f).
-9
Let z(y) = 2*y**2 + 4*y + 3. Let m(p) = -p**3 + 3*p**2 - 2*p. Let w be m(3). Let c be -3*((-32)/(-12) - 4). Let t = c + w. Determine z(t).
3
Let k(x) be the third derivative of -x**6/120 - 2*x**5/15 + x**4/3 - x**3 + 7*x**2. Determine k(-9).
3
Let d(q) = -q**2 + 6*q - 7. Let s be (-2)/(-3) + (-144)/(-27). What is d(s)?
-7
Let v(c) = -15*c**3 + 3*c**2 - 25*c - 17. Let t be (-29)/2 - (-6)/4. Let k(h) = 7*h**3 - h**2 + 12*h + 8. Let d(i) = t*k(i) - 6*v(i). Calculate d(-4).
6
Let n(p) be the third derivative of -p**6/720 + p**4/6 - 2*p**2. Let y(s) be the second derivative of n(s). Give y(5).
-5
Let a be 3*((-195)/(-9) - 3). Let o(s) = -a*s + 28*s + 26*s - 1. Calculate o(-2).
3
Let l(i) = -15*i**3 + i. Suppose 3 = -10*d + 13. What is l(d)?
-14
Let p(z) = -3*z**2 - z. Suppose 4*v - 16 = 2*a, 5*v + 4 - 2 = -3*a. Suppose 2*o - v = -0. Let k = -2 + o. What is p(k)?
-2
Suppose 8*d - 5*v + 33 = 5*d, 2*v - 6 = 0. Let f = d - -4. Let b(o) = 7 + 0*o - 23 + 17 + o. Calculate b(f).
-1
Let b = -182 - -181. Let h(y) = -3*y**2 - y - 1. Calculate h(b).
-3
Let i(g) be the first derivative of -3*g**7/280 - g**5/60 + g**4/24 - g**3 + 2. Let u(l) be the third derivative of i(l). Give u(1).
-10
Let v(b) be the third derivative of b**6/120 + b**3 - 25*b**2. Suppose -1 = 4*n - 5*n. Let i = -1 + n. What is v(i)?
6
Let r(i) = -3*i**3 + i**2 - 2. Let n be r(1). Let p(m) = -m**3 - 3*m**2 + 2*m - 5. Determine p(n).
3
Let j(a) = -a**2 + a + 1. Let m(f) = -f + 17. Let z be m(12). Suppose 5*c - z = -0*c. Determine j(c).
1
Let u(b) = -b**3 - 7*b**2 - 6*b + 7. Let p be 2/3*(-12 - -3). Determine u(p).
7
Let s(v) = v**3 + 5*v**2 - 2*v - 7. Let d(w) = -w**2 - 5*w - 5. Let m be d(-5). What is s(m)?
3
Let h = 13 - 4. Let b = h + -9. Let k(a) = a**2 + a + 10. Determine k(b).
10
Let k(p) = 8*p - 1. Suppose 5*y + 14 = 4. Calculate k(y).
-17
Let s(f) = -2*f**2 + 6*f + 3. Let i = -52 - -57. Give s(i).
-17
Let q(j) = -49*j**3 + 101*j**3 + 2 + 5*j**2 - 51*j**3. Suppose -r - 2 = 3. What is q(r)?
2
Let f(x) be the second derivative of x**4/24 - 5*x**3/6 - 4*x**2 - 10*x. Let k(t) be the first derivative of f(t). Determine k(4).
-1
Let b(y) = -y - 2. Suppose -3*j = -3 - 6. Suppose -j*p - 8 = -p. Give b(p).
2
Let n(t) = -2*t - 4. Let o(l) be the third derivative of -l**4/12 - 5*l**3/6 + 2*l**2. Let s(z) = 5*n(z) - 4*o(z). Calculate s(-5).
10
Let s(k) = -k - 2*k**3 - 5*k**2 - 4 + k**3 + 7. Suppose -3*v - 11 = -2. What is s(v)?
-12
Let o(b) = -26*b - 6. Let y(a) = 5*a + 1. Let z(q) = -2*o(q) - 11*y(q). Suppose 2*k + 25 = -5*p, -p = -6*k + 2*k + 5. Suppose k = -4*f + f + 9. Give z(f).
-8
Let a(s) = 7*s**3 + s**2 + 2*s + 1. Suppose -4*g + 12 = 4*j, 5*g - 3*j - j = -3. Suppose -2 = k - g. Calculate a(k).
-7
Let j(a) = 2*a. Let k(p) = 3*p - 9. Let w be k(6). Let t = w - 11. What is j(t)?
-4
Let s be 10 + -1*(2 + -2). Let d be (2/(-4))/(s/(-20)). Suppose 3*r = 0, -d = -x - 5*r - 3. Let f(t) = t**3 + t**2 - 2*t - 1. What is f(x)?
-1
Suppose -d + 2 = 4. Let v be (d - 9/(-6))*-8. Suppose 3*c + 2*c - 36 = v*b, 5*b + 4*c = -4. Let t(p) = -p**3 - 3*p**2 + 4*p + 1. Calculate t(b).
1
Let g(f) = f**3 - 4*f**2 + f - 1. Let n be (3 - (-28)/(-8))*-8. Calculate g(n).
3
Let b(z) be the second derivative of z**6/360 + z**5/20 - z**4/8 + 4*z**3/3 - 6*z. Let v(u) be the second derivative of b(u). What is v(-5)?
-8
Let r(s) = 4*s + 1. Suppose -1 + 4 = l. Let a(j) = -61*j + 4 - 2 + 60*j. Let x be a(l). Determine r(x).
-3
Let q = 11 + -10. Let o(u) = 4*u. Determine o(q).
4
Let i(o) = o**3 + 2*o**2 - 73*o + 70*o + 2 + 2 + 0*o**2. Suppose -c - 5 + 2 = 0. Give i(c).
4
Let v(u) = -u**3 + 5*u**2 - u - 1. Let a be v(5). Let t be ((-2)/(-4))/(a/(-192)). Suppose -3*q - q = -t. Let i(k) = -k**2 + 5*k - 1. Give i(q).
3
Let a(s) = 62*s - 6 - 31*s - 31*s - s**3 + 6*s**2. Determine a(6).
-6
Let g = -5 + 9. Let w = 6 - g. Let x(l) = 2 + 3*l**2 + 3*l - 4*l**w - 1. Calculate x(4).
-3
Let d(y) = y**2 - 2*y - 4. Let f(l) = -2*l + 20. Let a be f(7). Calculate d(a).
20
Let g(n) = -4*n**2 - 1. Suppose -5*h + 4*h - 1 = 0. What is g(h)?
-5
Let m(f) be the first derivative of 2*f**3 - 61. Suppose 0 = -5*c + 9 - 4. Determine m(c).
6
Let f(r) be the first derivative of r**2/2 - 2. Let k(s) = 3 + 5*s - 9*s - 5*s. Let d(w) = 22*f(w) + 2*k(w). Calculate d(-4).
-10
Let k(z) be the first derivative of -z**3/3 - z**2/2 - z - 2. Let c be (2/6)/((-6)/(-72)). Let i(q) = -q**2 + 4*q - 2. Let l be i(c). Calculate k(l).
-3
Let d(g) be the first derivative of 2*g**3 - g**2 - 1/4*g**4 + 5*g + 4. Determine d(6).
-7
Let l(w) = w**2 - 2. Let u be l(2). Let y be ((-14)/(-35))/(u/(-20)). Let d(b) be the third derivative of b**5/60 + 5*b**4/24 + b**3 + b**2. What is d(y)?
2
Let j(o) = -2 + 3 + 0 - 4*o - 2*o**2. Give j(-3).
-5
Let f be 2/(-2) + 27 + 2. Suppose -3*z + 4 = 4*p, 2*p - 7*p + 2*z + f = 0. Let r(i) = -1 - 3*i + 0 + p*i. What is r(-1)?
-2
Let x = -4 - 1. Let u(d) be the third derivative of d**5/60 + 7*d**4/